{"id":5,"date":"2021-03-14T19:13:42","date_gmt":"2021-03-14T19:13:42","guid":{"rendered":"https:\/\/andrzejruminski.pl\/\/index.php\/mesmerize\/"},"modified":"2023-01-18T09:20:28","modified_gmt":"2023-01-18T09:20:28","slug":"mesmerize","status":"publish","type":"page","link":"https:\/\/andrzejruminski.pl\/","title":{"rendered":"Front Page"},"content":{"rendered":"<div  data-label=\"About\" data-id=\"about--1\" data-export-id=\"about-10\" data-category=\"about\" class=\"about-10 content-section content-section-spacing\" id=\"about-1\" style=\"background-color: rgb(255, 255, 255);\"><div  class=\"gridContainer\"> <div  class=\"row middle-sm text-center\"><div  class=\"col-sm-5 space-bottom-xs content-column\" data-type=\"column\">  <h2  class=\"\">What I\u2019m the best<\/h2> <p  class=\"\">I\u2019m an expert in low-level programming (C\/C++) and the implementation of effective algorithms. I was grown on Olympiad in Informatics and ACM-like contest. Then I move to a professional area and start using my skills in programming system, which requires high performance and instant responses. Also, I\u2019m active in the research area. You can see the list of publications. As I spend more and more in agile development, I can not fully focus on the programming, but always I happy to write a few lines of code.<\/p> <a class=\"link\" href=\"https:\/\/andrzejruminski.pl\/\/index.php\/list-of-publications\" target=\"_self\" data-cp-link=\"1\" rel=\"noopener\">List of Publications<\/a><\/div> <div  class=\"col-sm-7 flexbox middle-xs center-xs space-bottom-xs\"><div  class=\"overlay-box middle-xs center-xs flexbox\"> <div  class=\"overlay-box-offset offset-border shadow-medium border-color1\"><\/div> <img decoding=\"async\"  class=\"shadow-large\" data-size=\"485x705\" src=\"https:\/\/andrzejruminski.pl\/\/wp-content\/plugins\/mesmerize-companion\/theme-data\/mesmerize\/sections\/images\/about-img-5.jpg\"><\/div> <\/div><\/div> <\/div><\/div><div  data-label=\"Overlappable\" data-id=\"overlappable--1\" data-export-id=\"overlappable-4\" data-category=\"overlappable\" class=\"overlappable-4 content-section content-section-spacing\" data-overlap=\"true\" id=\"overlappable-1\" style=\"background-color: rgb(255, 255, 255);\"><div  class=\"gridContainer\"> <div  data-type=\"row\" class=\"row spaced-cols text-center\"><div  class=\"col-xs-12 col-sm-4 col-padding\"> <a data-cp-link=\"1\" href=\"#\" target=\"_self\" rel=\"noopener\"><i  class=\"fa icon shadow-large-black aligncenter color1 fa-connectdevelop reverse round large\"><\/i><\/a> <div  data-type=\"column\" class=\"\"> <h5  class=\"\">Freelancer<\/h5> <p  class=\"\">I\u2019m limited in time, but If you have a small project, which you think that I can help, we can talk about it and see that my skills will be helpful for you.<\/p><\/div> <\/div> <div  class=\"col-xs-12 col-sm-4 col-padding\"> <a  data-cp-link=\"1\" href=\"#\"><i  class=\"fa icon fa-cogs large shadow-large-black round aligncenter reverse color1\"><\/i><\/a> <div  data-type=\"column\" class=\"\"><h5  class=\"\">Consultation<\/h5><p  class=\"\">I saw a lot of different systems, architectures, and also build systems. I\u2019m experienced in waterfall and agile methodology. If you have some issue with your project I can advise about the tools and some tips.<\/p> <\/div> <\/div> <div  class=\"col-xs-12 col-sm-4 col-padding\"> <i  class=\"fa icon fa-magic large shadow-large-black round aligncenter reverse color1\"><\/i> <div  data-type=\"column\" class=\"\"><h5  class=\"\">Tutoring<\/h5> <p  class=\"\">I always like to talk about math and technology. Also, I like the data structures and algorithms, so if you would like to know about don\u2019t hesitate to contact me. <\/p><\/div> <\/div><\/div> <\/div><\/div><div  data-label=\"Portfolio\" data-id=\"portfolio--1\" data-export-id=\"portfolio-5\" data-category=\"portfolio\" class=\"portfolio-5 content-section content-section-spacing\" id=\"portfolio-1\" style=\"background-color: rgb(245, 250, 253); background-image: none;\"><div  class=\"gridContainer\"> <div  class=\"row text-center\"><div  class=\"section-title-col\" data-type=\"column\"> <h2  class=\"\">Projects<\/h2> <p  class=\"lead\">Here You can what I\u2019ve built till now. Here I mentioned the most important project, which I think makes a bigger difference in my developer life.<\/p><\/div> <\/div> <div  class=\"row space-bottom spaced-cols\" data-type=\"row\"> <div  class=\"col-xs-12 col-sm-4 text-center\"> <div  class=\"card no-padding bordered\"> <div  data-hover-fx=\"portfolio-6\" class=\"contentswap-effect\"> <div  class=\"initial-image\"> <img decoding=\"async\"  data-size=\"500x333\" src=\"https:\/\/andrzejruminski.pl\/\/wp-content\/uploads\/2021\/03\/cropped-ERP.jpg\"><\/div> <div  class=\"overlay bg-color6\"><\/div> <div  class=\"swap-inner col-xs-12\"> <div  class=\"row full-height-row middle-xs middle-sm\"> <div  class=\"col-xs-12 text-center content-holder\"> <a class=\"button small color2\" href=\"#\" target=\"_self\" data-cp-link=\"1\" rel=\"noopener\">Read more<\/a><\/div> <\/div><\/div> <\/div> <div  class=\"col-xs-12\"> <div  class=\"space-bottom space-top\" data-type=\"column\"> <h5  class=\"\">Amibijoux\u2019s ERP<\/h5> <p  class=\"small italic\">In 1st year of my studies, I prepared the ERP system for sale stands management. It contains employee management, bonuses, turnover calculation, and many other features. Maybe it was not the most beautiful application, but it has been operating in production since 2013 till today. <\/p><\/div> <\/div><\/div> <\/div> <div  class=\"col-xs-12 col-sm-4 text-center\"> <div  class=\"card no-padding bordered\"> <div  data-hover-fx=\"portfolio-6\" class=\"contentswap-effect\"> <div  class=\"initial-image\"> <img decoding=\"async\"  data-size=\"500x333\" src=\"https:\/\/andrzejruminski.pl\/\/wp-content\/uploads\/2021\/03\/cropped-maxresdefault.jpg\"><\/div> <div  class=\"overlay bg-color6\"><\/div> <div  class=\"swap-inner col-xs-12\"> <div  class=\"row full-height-row middle-xs middle-sm\"> <div  class=\"col-xs-12 text-center content-holder\"> <a class=\"button small color2\" href=\"#\" target=\"_self\" data-cp-link=\"1\" rel=\"noopener\">Read More<\/a><\/div> <\/div><\/div> <\/div> <div  class=\"col-xs-12\"> <div  class=\"space-bottom space-top\" data-type=\"column\"> <h5  class=\"\">Watermarking<\/h5><p  class=\"small italic\">The project was done in ZYLIA. In this project, I was involved in research connected with watermarking technology. I was working on embedding and decoding watermark. The next step was to implement the software and optimize it to work with as many users as possible.<\/p> <\/div> <\/div><\/div> <\/div> <div  class=\"col-xs-12 col-sm-4 text-center\"> <div  class=\"card no-padding bordered\"> <div  data-hover-fx=\"portfolio-6\" class=\"contentswap-effect\"> <div  class=\"initial-image\"> <img decoding=\"async\"  data-size=\"500x333\" src=\"https:\/\/andrzejruminski.pl\/\/wp-content\/uploads\/2021\/03\/cropped-1456442629_1_orig-1.png\"><\/div> <div  class=\"overlay bg-color6\"><\/div> <div  class=\"swap-inner col-xs-12\"> <div  class=\"row full-height-row middle-xs middle-sm\"> <div  class=\"col-xs-12 text-center content-holder\"> <a class=\"button small color2\" href=\"#\" target=\"_self\" data-cp-link=\"1\" rel=\"noopener\">Read More<\/a><\/div> <\/div><\/div> <\/div> <div  class=\"col-xs-12\"> <div  class=\"space-bottom space-top\" data-type=\"column\"> <h5  class=\"\">AudioSense&nbsp;<\/h5> <p  class=\"small italic\">The project was done in ZYLIA. In this project, I was working on wireless acoustic sensors. Sensors were based on BeagleBoneBlack boards. They communicated with each other via a WiFi connection to stream audio. In this project, I used the GStreamer framework and tools connected with network management. The project was granted by NCBiR<\/p><a class=\"link\" href=\"https:\/\/www.zylia.co\/3d-audiosense.html\" target=\"_self\" data-cp-link=\"1\" rel=\"noopener\">Link<\/a><\/div> <\/div><\/div> <\/div><div  class=\"col-xs-12 col-sm-4 text-center\"> <div  class=\"card no-padding bordered\"> <div  data-hover-fx=\"portfolio-6\" class=\"contentswap-effect\"> <div  class=\"initial-image\"> <img decoding=\"async\"  data-size=\"500x333\" src=\"https:\/\/andrzejruminski.pl\/\/wp-content\/uploads\/2021\/03\/cropped-Rysunek-bez-nazwy.jpg\"><\/div> <div  class=\"overlay bg-color6\"><\/div> <div  class=\"swap-inner col-xs-12\"> <div  class=\"row full-height-row middle-xs middle-sm\"> <div  class=\"col-xs-12 text-center content-holder\"> <a class=\"button small color2\" href=\"#\" target=\"_self\" data-cp-link=\"1\" rel=\"noopener\">Read more<\/a><\/div> <\/div><\/div> <\/div> <div  class=\"col-xs-12\"> <div  class=\"space-bottom space-top\" data-type=\"column\"> <h5  class=\"\">Mouse3D<\/h5> <p  class=\"small italic\">This project was part of the Microsoft Imagine Cup competition. In the team there were also Mi\u0142osz Makowski and Magda Szkalej-D\u0105br\u0105wska. We created a device, which can be tracked in 3D space using acoustic sensors. We implemented a Blender driver and also integrate it with the 3D engine. <\/p><a class=\"link\" href=\"https:\/\/www.iwp.com.pl\/projekty_imagine_cup_2016\" target=\"_self\" data-cp-link=\"1\" rel=\"noopener\">Link<\/a><\/div> <\/div><\/div> <\/div><div  class=\"col-xs-12 col-sm-4 text-center\"> <div  class=\"card no-padding bordered\"> <div  data-hover-fx=\"portfolio-6\" class=\"contentswap-effect\"> <div  class=\"initial-image\"> <img decoding=\"async\"  data-size=\"500x333\" src=\"https:\/\/andrzejruminski.pl\/\/wp-content\/uploads\/2021\/03\/cropped-Cloud-Computing-01-960x640-1.jpg\"><\/div> <div  class=\"overlay bg-color6\"><\/div> <div  class=\"swap-inner col-xs-12\"> <div  class=\"row full-height-row middle-xs middle-sm\"> <div  class=\"col-xs-12 text-center content-holder\"> <a class=\"button small color2\" href=\"#\" target=\"_self\" data-cp-link=\"1\" rel=\"noopener\">Read more<\/a><\/div> <\/div><\/div> <\/div> <div  class=\"col-xs-12\"> <div  class=\"space-bottom space-top\" data-type=\"column\"> <h5  class=\"\">Ubonding<\/h5> <p  class=\"small italic\">The project was done with ZYLIA. In this project routing software, allows end-points of the network to use all WAN connected to the router. I was responsible for the implementation of client and server software and router configuration. In this software, I mostly was engaged in the low-level implementation of the network layer of the solution.<\/p><\/div> <\/div><\/div> <\/div><div  class=\"col-xs-12 col-sm-4 text-center\"> <div  class=\"card no-padding bordered\"> <div  data-hover-fx=\"portfolio-6\" class=\"contentswap-effect\"> <div  class=\"initial-image\"> <img decoding=\"async\"  data-size=\"500x333\" src=\"https:\/\/andrzejruminski.pl\/\/wp-content\/uploads\/2021\/03\/cropped-dc144d806d64c67a0666253639880ace.png\"><\/div> <div  class=\"overlay bg-color6\"><\/div> <div  class=\"swap-inner col-xs-12\"> <div  class=\"row full-height-row middle-xs middle-sm\"> <div  class=\"col-xs-12 text-center content-holder\"> <a class=\"button small color2\" href=\"#\" target=\"_self\" data-cp-link=\"1\" rel=\"noopener\">Read more<\/a><\/div> <\/div><\/div> <\/div> <div  class=\"col-xs-12\"> <div  class=\"space-bottom space-top\" data-type=\"column\"> <h5  class=\"\">ZYLIA Portable Studio<\/h5> <p  class=\"small italic\">The project was done in ZYLIA. In this project, the 19-capsule microphone array was developed. In this project, I was responsible for building the DSP library and also for implementing sound separation and Ambisonics conversion algorithms. Also, the last step was to optimize of the library to work in real time.<\/p><a class=\"link\" href=\"https:\/\/www.zylia.co\/zylia-pro.html\" target=\"_self\" data-cp-link=\"1\" rel=\"noopener\">Link<\/a><\/div> <\/div><\/div> <\/div><div  class=\"col-xs-12 col-sm-4 text-center\"> <div  class=\"card no-padding bordered\"> <div  data-hover-fx=\"portfolio-6\" class=\"contentswap-effect\"> <div  class=\"initial-image\"> <img decoding=\"async\"  data-size=\"500x333\" src=\"https:\/\/andrzejruminski.pl\/\/wp-content\/uploads\/2021\/03\/cropped-2020-09-21-zylia-6dof-navigable-live-audio-recording-5-1200_3.jpg\"><\/div> <div  class=\"overlay bg-color6\"><\/div> <div  class=\"swap-inner col-xs-12\"> <div  class=\"row full-height-row middle-xs middle-sm\"> <div  class=\"col-xs-12 text-center content-holder\"> <a class=\"button small color2\" href=\"#\" target=\"_self\" data-cp-link=\"1\" rel=\"noopener\">Read more<\/a><\/div> <\/div><\/div> <\/div> <div  class=\"col-xs-12\"> <div  class=\"space-bottom space-top\" data-type=\"column\"> <h5  class=\"\">ZYLIA 6DoF Navigable Audio<\/h5> <p  class=\"small italic\">Project was done in ZYLIA. In this project, ZYLIA would like to create a new system, which allows users to freely move into the audio space. This kind of audio can be used in VR to provide an extremely natural experience to be there. In the project, I act as a project lead and product owner. In the technical area I was responsible for creating a PoC of the system and build the architecture of the system<\/p><a class=\"link\" href=\"https:\/\/www.zylia.co\/zylia-6dof.html\" target=\"_self\" data-cp-link=\"1\" rel=\"noopener\">Link<\/a><\/div> <\/div><\/div> <\/div><\/div> <div  class=\"row\"><div  data-type=\"column\" class=\"col-xs-12 text-center\"> <\/div> <\/div><\/div> <\/div><div  data-label=\"Contact\" data-id=\"contact--1\" data-export-id=\"contact-1\" data-category=\"contact\" class=\"contact-1 content-section content-section-spacing white-text\" data-parallax-depth=\"20\" id=\"contact-1\" style=\"background-color: rgb(245, 250, 253);\"><div  class=\"gridContainer\"> <div  class=\"row text-center\"><div  class=\"section-title-col\" data-type=\"column\"> <h2  class=\"\">Contact me<\/h2> <p  class=\"lead\">I\u2019m pretty busy person, but always find time for interesting call. So feel free to ask me about anything you want<\/p><\/div> <\/div> <div  class=\"row text-center\"> <div  class=\"col-xs-12 col-sm-8 col-sm-offset-2 contact-form-wrapper inline-info\"> <div  class=\"card large-padding\"> <div  class=\"\" data-content-shortcode=\"mesmerize_contact_form shortcode=&quot;contact-form-7 id=&amp;amp;quot;20&amp;amp;quot; title=&amp;amp;quot;Contact form 1&amp;amp;quot;&quot;\" data-editable=\"true\"><div class=\"wpcf7 no-js\" id=\"wpcf7-f20-o1\" lang=\"en-US\" dir=\"ltr\">\n<div class=\"screen-reader-response\"><p role=\"status\" aria-live=\"polite\" aria-atomic=\"true\"><\/p> <ul><\/ul><\/div>\n<form action=\"\/index.php\/wp-json\/wp\/v2\/pages\/5#wpcf7-f20-o1\" method=\"post\" class=\"wpcf7-form init\" aria-label=\"Contact form\" novalidate=\"novalidate\" data-status=\"init\">\n<div style=\"display: none;\">\n<input type=\"hidden\" name=\"_wpcf7\" value=\"20\" \/>\n<input type=\"hidden\" name=\"_wpcf7_version\" value=\"5.7.2\" \/>\n<input type=\"hidden\" name=\"_wpcf7_locale\" value=\"en_US\" \/>\n<input type=\"hidden\" name=\"_wpcf7_unit_tag\" value=\"wpcf7-f20-o1\" \/>\n<input type=\"hidden\" name=\"_wpcf7_container_post\" value=\"0\" \/>\n<input type=\"hidden\" name=\"_wpcf7_posted_data_hash\" value=\"\" \/>\n<input type=\"hidden\" name=\"_wpcf7_recaptcha_response\" value=\"\" \/>\n<\/div>\n<p><label> Your name<br \/>\n<span class=\"wpcf7-form-control-wrap\" data-name=\"your-name\"><input size=\"40\" class=\"wpcf7-form-control wpcf7-text wpcf7-validates-as-required\" aria-required=\"true\" aria-invalid=\"false\" value=\"\" type=\"text\" name=\"your-name\" \/><\/span> <\/label>\n<\/p>\n<p><label> Your email<br \/>\n<span class=\"wpcf7-form-control-wrap\" data-name=\"your-email\"><input size=\"40\" class=\"wpcf7-form-control wpcf7-text wpcf7-email wpcf7-validates-as-required wpcf7-validates-as-email\" aria-required=\"true\" aria-invalid=\"false\" value=\"\" type=\"email\" name=\"your-email\" \/><\/span> <\/label>\n<\/p>\n<p><label> Subject<br \/>\n<span class=\"wpcf7-form-control-wrap\" data-name=\"your-subject\"><input size=\"40\" class=\"wpcf7-form-control wpcf7-text wpcf7-validates-as-required\" aria-required=\"true\" aria-invalid=\"false\" value=\"\" type=\"text\" name=\"your-subject\" \/><\/span> <\/label>\n<\/p>\n<p><label> Your message (optional)<br \/>\n<span class=\"wpcf7-form-control-wrap\" data-name=\"your-message\"><textarea cols=\"40\" rows=\"10\" class=\"wpcf7-form-control wpcf7-textarea\" aria-invalid=\"false\" name=\"your-message\"><\/textarea><\/span> <\/label>\n<\/p>\n<p><input class=\"wpcf7-form-control has-spinner wpcf7-submit\" type=\"submit\" value=\"Submit\" \/>\n<\/p><div class=\"wpcf7-response-output\" aria-hidden=\"true\"><\/div><\/form><\/div><\/div><\/div> <\/div><\/div> <\/div><\/div>","protected":false},"excerpt":{"rendered":"<p>What I\u2019m the best I\u2019m an expert in low-level programming (C\/C++) and the implementation of effective algorithms. I was grown on Olympiad in Informatics and ACM-like contest. Then I move to a professional area and start using my skills in programming system, which requires high performance and instant responses. Also, I\u2019m active in the research&hellip; <br \/> <a class=\"read-more\" href=\"https:\/\/andrzejruminski.pl\/\">Read more<\/a><\/p>\n","protected":false},"author":1,"featured_media":0,"parent":0,"menu_order":0,"comment_status":"closed","ping_status":"closed","template":"page-templates\/homepage.php","meta":{"footnotes":""},"class_list":["post-5","page","type-page","status-publish","hentry"],"_links":{"self":[{"href":"https:\/\/andrzejruminski.pl\/index.php\/wp-json\/wp\/v2\/pages\/5"}],"collection":[{"href":"https:\/\/andrzejruminski.pl\/index.php\/wp-json\/wp\/v2\/pages"}],"about":[{"href":"https:\/\/andrzejruminski.pl\/index.php\/wp-json\/wp\/v2\/types\/page"}],"author":[{"embeddable":true,"href":"https:\/\/andrzejruminski.pl\/index.php\/wp-json\/wp\/v2\/users\/1"}],"replies":[{"embeddable":true,"href":"https:\/\/andrzejruminski.pl\/index.php\/wp-json\/wp\/v2\/comments?post=5"}],"version-history":[{"count":17,"href":"https:\/\/andrzejruminski.pl\/index.php\/wp-json\/wp\/v2\/pages\/5\/revisions"}],"predecessor-version":[{"id":143,"href":"https:\/\/andrzejruminski.pl\/index.php\/wp-json\/wp\/v2\/pages\/5\/revisions\/143"}],"wp:attachment":[{"href":"https:\/\/andrzejruminski.pl\/index.php\/wp-json\/wp\/v2\/media?parent=5"}],"curies":[{"name":"wp","href":"https:\/\/api.w.org\/{rel}","templated":true}]}}